 6 = -14. Let n be s/(-3) + 3/9. What is the greatest common factor of n and 14?
2
Suppose -25 = u + 4*a, 4*u - 3*u - 3 = 3*a. Let c be 1 - (0 + 2 - 3). Let t = c - u. What is the highest common factor of t and 88?
11
Let s(y) = y**3 - 5*y**2 - 4*y - 8. Let h be s(6). Let x(j) = -2*j - 4. Let v be (-42)/11 - 2/11. Let g be x(v). What is the greatest common divisor of g and h?
4
Let x(s) = -4*s - 9. Let g(m) = -m. Let l(v) = -2*g(v) + x(v). Let z be l(-9). Let t be 24/(3*3/z). Calculate the highest common divisor of 8 and t.
8
Let o be -1 - (0/(-1) + 35). Let i = o - -69. Calculate the greatest common factor of i and 3.
3
Let h be (-5)/((-11)/5 - -2). Suppose h = 3*k + 2*k. Calculate the greatest common divisor of k and 5.
5
Suppose -5*v + 192 = -3*v. Calculate the highest common factor of v and 24.
24
Let p(n) = 2*n**2 + 7*n + 5. Suppose 4*y + y = -25. Let k be p(y). Suppose -5*c = -298 + 48. Calculate the highest common factor of c and k.
10
Let h(q) = q**2 - 12*q + 4. Let w be h(12). Suppose 2*r + 89 = 3*r - 2*o, -r - w*o + 65 = 0. Calculate the highest common divisor of r and 9.
9
Suppose 0*a = 5*a + 65. Let s = a - -18. Calculate the greatest common factor of 20 and s.
5
Let x = -12 + 87. Calculate the greatest common divisor of x and 45.
15
Let f(a) = -a**2 + 4*a + 3. Suppose 0 = -2*p + v + 8, 2*p = 4*v - 3 + 11. Let s be f(p). Calculate the greatest common divisor of 15 and s.
3
Let h(o) = o + 11. Let r be h(-7). Calculate the greatest common factor of r and 1.
1
Suppose v - 3*v + 52 = 0. Let n = 9 + -4. Suppose n*f - 13 = 4*f. What is the greatest common factor of v and f?
13
Let f(z) = -z**3 - 3*z**2 - 5*z + 6. Let t be f(-5). Calculate the highest common divisor of t and 9.
9
Let o(p) = -p. Suppose 0*j = 5*x + 5*j + 25, -4*x - 5*j - 22 = 0. Let s be o(x). Let c be 1/2*(31 - s). What is the greatest common factor of 7 and c?
7
Suppose -4*s - 2 = -30. Let j be ((-21)/(-2))/((-6)/(-8)). What is the highest common factor of j and s?
7
Let i = 12 - 20. Let c = i - -21. Calculate the highest common divisor of 104 and c.
13
Let i be ((-126)/(-35))/(4/80). Suppose -5*f + 49 = 4*r, f + 2*f + r - 28 = 0. Calculate the greatest common factor of f and i.
9
Let w(k) = 82*k. Let h be w(1). Suppose 3*p + y = h, 3*p - 22 = 2*p + y. Let t be 1371/21 - (-4)/(-14). What is the highest common divisor of p and t?
13
Let o be (4 - 0) + 2 - 3. Suppose 0 = -2*q + 8, -b - o*q + 11 = -2*q. Let k be 1 - 1 - 1*-28. Calculate the highest common factor of k and b.
7
Suppose 2*x = 11 + 9. Let g be -1*x*-5 - 0. Let j = g - 8. Calculate the greatest common divisor of j and 28.
14
Let q(z) = -z + 5. Let p be q(-13). Suppose 0 = -8*n + 3*n + 5*w + 70, -2*w - 19 = -n. What is the greatest common divisor of p and n?
9
Suppose -8*y - 171 = -9*y. What is the greatest common factor of y and 19?
19
Suppose 0 = 3*d - 2*h - 23, 2*h + 28 = d + 3*d. Let r = -58 - -90. Let q = r - -3. What is the greatest common factor of d and q?
5
Let a be 6/8*48/(-27)*-15. Calculate the highest common divisor of a and 50.
10
Let f = 64 - 100. Let v be (-2)/(-9) - 5176/f. What is the greatest common divisor of 18 and v?
18
Let g = -40 - -22. Let y = g - -24. Calculate the greatest common divisor of 42 and y.
6
Suppose -3*y + 3*b = -b - 100, -4*b - 172 = -5*y. What is the highest common factor of 90 and y?
18
Let f be 3/7 + (-48)/112. Suppose f = -2*u + 5*u - 57. Calculate the highest common factor of 76 and u.
19
Let d = 9 + -6. Let q be 15*3*2/d. Calculate the highest common divisor of 6 and q.
6
Suppose 3*w = -4*l, 0*l - l = -4*w. Let i = 1 - l. Let c(f) = 3*f**2 - 1. Let p be c(i). Calculate the greatest common factor of 8 and p.
2
Suppose -424 = -3*v + i, -132 = -5*v + 2*i + 576. Let a be ((-40)/16)/((-1)/8). Calculate the highest common factor of v and a.
20
Suppose -2*v = 2*v - 12. Suppose -8*a = -v*a - 60. Let x be 5/2*(-216)/(-135). What is the greatest common factor of x and a?
4
Let d be -3 - -2 - 2454/(-3). Suppose -97 = 5*s - d. Calculate the greatest common divisor of s and 16.
16
Let a(i) = -61*i - 1. Let x be a(-1). Suppose -3*m + x = m. Suppose z - m = -5. What is the highest common divisor of z and 15?
5
Let y = 3 + 0. Let b be (-16)/1 - (y - 6). Let n = 10 - b. What is the highest common divisor of n and 69?
23
Suppose 2*q - q = -5*o - 4, -q = 3*o + 2. Let s = -41 - -50. What is the highest common divisor of s and q?
1
Let s(y) = y**2 + 4*y - 4. Let o be s(-5). Let f be o/3 + (-598)/(-6). What is the greatest common divisor of f and 40?
20
Let d(k) be the third derivative of k**5/60 + k**4/24 + 2*k**3 - 3*k**2. Let g be d(0). What is the highest common factor of g and 18?
6
Let u be (1 + -7)*(-44)/66. Let w be (-3)/(-9) - 11/(-3). What is the greatest common factor of w and u?
4
Suppose -2*j = 3*j + 5, -v - 5*j = 10. Suppose 2*c - 31 = t, -2*t + 6 = -0. Let y = c + v. What is the highest common factor of y and 84?
12
Let c be 6/(-4)*14/(-1). Let o(d) = 3*d - 20. Let w be o(8). Suppose -2*j + j - 2*v = -187, 0 = 4*j - w*v - 760. What is the greatest common factor of j and c?
21
Suppose -q = 4*v + 25, 5*v = -q + 4*q + 58. Let h = 102 + q. Calculate the highest common factor of h and 9.
9
Let o be (19 - 1)/3 + 4. Suppose -15*w = -o*w - 10. What is the greatest common factor of 3 and w?
1
Let r(j) = -j. Let s be r(-5). Calculate the greatest common divisor of s and 5.
5
Let d = 7 + 16. Suppose d*h - 21*h - 50 = 0. Calculate the greatest common divisor of 10 and h.
5
Suppose 6 = 2*g - 2. Suppose -3*z + 0*l = 4*l - 2, -8 = 2*l. Let i be (0 - 3)*(-4)/z. What is the highest common divisor of i and g?
2
Let u(l) = -18*l**3 + 3*l**2 + 4. Let n be u(-3). What is the highest common divisor of 47 and n?
47
Suppose 5*d + 1193 = r, -4*r - 714 = 4*d + 226. Let u = d - -364. Calculate the greatest common factor of 18 and u.
18
Let t = -46 - -86. Calculate the greatest common divisor of t and 40.
40
Suppose i = -2*l + 17 + 29, 4*i = -16. Calculate the greatest common factor of 175 and l.
25
Suppose 10 = -c + 3*c. Let m(k) = k**2 + 2. Let z be m(0). Suppose z + 33 = c*o. What is the highest common divisor of 35 and o?
7
Let t be 60/(-2)*54/(-15). Let y = t - 10. What is the highest common divisor of y and 14?
14
Let b be (0 - -76)*6/8. Let s be ((-6)/(-18))/(1/b). What is the highest common factor of 171 and s?
19
Let h(u) = u**3 + 12*u**2 - 2*u - 10. Let n be h(-12). Calculate the greatest common factor of n and 112.
14
Let t(b) = -b + 18. Let m be t(-12). Calculate the greatest common factor of m and 75.
15
Suppose 4*k = -0 - 4. Let v be k*(0 + 1)*1. Let u be v + 48/3 - 2. Calculate the highest common divisor of 13 and u.
13
Let x(j) = j**2 + 3. Let z(k) = -2*k - 5. Let t be z(-4). Let w be x(t). Let o be 28*(1 - -2 - 0). What is the highest common divisor of o and w?
12
Let p = -134 + 154. Suppose -3*k - 4*q + 147 = -3*q, -3*k - 2*q + 144 = 0. Calculate the highest common factor of p and k.
10
Let l = -5 + 7. Suppose -l*d - 132 = -4*d. Calculate the greatest common factor of d and 6.
6
Let f(c) = -c**3 - 9*c**2 - 2*c + 2. Let k be f(-9). Calculate the greatest common factor of k and 220.
20
Let h = -164 - -170. What is the greatest common divisor of h and 6?
6
Suppose 5*j - 27 = -0*h - h, 3*j = -h + 15. Calculate the highest common factor of 42 and j.
6
Let w = 23 - 19. Suppose w*n - 99 = h - 4*h, 0 = 2*n - 5*h - 69. What is the greatest common factor of 3 and n?
3
Let i = -6 + 6. Suppose i = 2*r - 0*r - 18. What is the highest common divisor of 27 and r?
9
Suppose 2 = q - 0. Suppose 5*f - q = 3*j, -f = 5*j + 2*f - 8. Calculate the highest common divisor of j and 8.
1
Let g(n) = -2*n + 1. Let d be g(-1). Let c be -3*((-4)/d - -1). Let m be 8 - (3 + 2/(-1)). What is the greatest common factor of c and m?
1
Let o = 222 - 186. Suppose 0*j - 16 = -4*j. What is the greatest common divisor of o and j?
4
Suppose 0*w - 2*y = -w - 1, -3*y = 5*w - 8. Calculate the highest common divisor of 5 and w.
1
Let i(u) be the third derivative of u**4/8 + u**3/2 - 2*u**2. Let n be (0 + -14)*6/(-12). Let b be i(n). What is the greatest common divisor of 16 and b?
8
Let o(h) = 4*h**2 + 5*h + 26. Let m be o(-8). Calculate the highest common divisor of m and 22.
22
Let q(o) = 37*o**2 - 7*o + 4. Let m(h) = -h**2 